{"id":446,"date":"2021-09-12T23:27:39","date_gmt":"2021-09-12T21:27:39","guid":{"rendered":"http:\/\/sherpaladowarki.pl\/index.php\/rozbiorki\/"},"modified":"2021-09-17T14:14:53","modified_gmt":"2021-09-17T12:14:53","slug":"rozbiorki","status":"publish","type":"page","link":"https:\/\/sherpaladowarki.pl\/index.php\/rozbiorki\/","title":{"rendered":"Rozbiorki"},"content":{"rendered":"\n    \n    <section class=\"u-clearfix u-section-2\" id=\"sec-453f\">\n      <div class=\"u-clearfix u-sheet u-sheet-1\">\n        <h1 class=\"u-text u-text-default u-text-1\">Rozbi\u00f3rki<\/h1>\n      <\/div>\n    <\/section>\n    <section class=\"u-align-left u-clearfix u-image u-image-contain lazyload u-section-3\" src=\"\" data-image-width=\"507\" data-image-height=\"550\" id=\"sec-e4fc\" data-bg=\"url(&quot;https:\/\/sherpaladowarki.pl\/wp-content\/uploads\/2021\/09\/demolition_glowana.jpg&quot;)\">\n      <div class=\"u-align-left u-clearfix u-sheet u-sheet-1\"><\/div>\n    <\/section>\n    <section class=\"u-align-center u-clearfix u-white u-section-4\" id=\"sec-0e33\">\n      <div class=\"u-align-left u-clearfix u-sheet u-sheet-1\">\n        <p class=\"u-align-justify u-text u-text-1\"> Prace rozbi\u00f3rkowe to m\u0119cz\u0105ce i pracoch\u0142onne zadanie! Narz\u0119dzia, kt\u00f3re u\u0142atwiaj\u0105 te czynno\u015bci s\u0105 mile widziane w tym biznesie. Hanenberg Equipment posiada szerok\u0105 gam\u0119 produkt\u00f3w, kt\u00f3re mog\u0105 pom\u00f3c firmom wyburzeniowym. Nasze mini\u0142adowarki mo\u017cna wyposa\u017cy\u0107 w specialistyczne narz\u0119dza. Te narz\u0119dzia z pewno\u015bci\u0105 u\u0142atwi\u0105 ci prac\u0119. Przyk\u0142adami s\u0105 m\u0142oty wyburzeniowe, wiertarki i lasery. Ponadto nasza mini-\u0142adowarka SHERPA doskonale nadaje si\u0119 do usuwania gruzu i zsuwania \u017cwiru z dach\u00f3w.&nbsp;<br>SHERPA 100 ma odpowiednie w\u0142a\u015bciwo\u015bci, je\u015bli chodzi o prace rozbi\u00f3rkowe w ciasnych przestrzeniach! SHERPA 100 mo\u017ce by\u0107 wyposa\u017cona w silnik elektryczny! SHERPA 100 ECO jest idealna do wewn\u0119trznych prac wyburzeniowych. Dzi\u0119ki tej wersji nie masz problem\u00f3w zespalinami!<br>&nbsp;Je\u017celi praca jest trudniejsza to posiadamy r\u00f3wnie\u017c trzy mocniejsze mini\u0142adowarki (SHERPA 150, SHERPA 200 &amp; SHERPA 300).\n        <\/p>\n      <\/div>\n    <\/section>\n    <section class=\"u-clearfix u-section-5\" id=\"sec-6cac\">\n      <div class=\"u-clearfix u-sheet u-sheet-1\">\n        <h3 class=\"u-align-center u-text u-text-default u-text-1\">Video<\/h3>\n        <div class=\"u-expanded-width u-gallery u-layout-grid u-lightbox u-no-transition u-show-text-on-hover u-gallery-1\" id=\"carousel-efba\">\n          <div class=\"u-gallery-inner u-gallery-inner-1\" role=\"listbox\">\n            <div class=\"u-effect-fade u-gallery-item u-gallery-item-1\">\n              <div class=\"u-back-slide u-video u-video-contain\" data-image-width=\"720\" data-image-height=\"1080\">\n                <div class=\"u-background-video u-expanded\" style=\"\">\n                  <div class=\"embed-responsive embed-responsive-1\">\n                    <iframe style=\"position: absolute;top: 0;left: 0;width: 100%;height: 100%;\" class=\"embed-responsive-item lazyload\" frameborder=\"0\" allowfullscreen=\"\" data-src=\"https:\/\/www.youtube-nocookie.com\/embed\/_ViwMOfn-p8?playlist=_ViwMOfn-p8&amp;loop=1&amp;mute=1&amp;showinfo=0&amp;controls=0&amp;start=0&amp;autoplay=1\"><\/iframe>\n                  <\/div>\n                <\/div>\n              <\/div>\n              <div class=\"u-over-slide u-shading u-over-slide-1\">\n                <h3 class=\"u-gallery-heading\"><\/h3>\n                <p class=\"u-gallery-text\"><\/p>\n              <\/div>\n            <\/div>\n            <div class=\"u-effect-fade u-gallery-item u-gallery-item-2\">\n              <div class=\"u-back-slide u-video u-video-contain\" data-image-width=\"1620\" data-image-height=\"1080\">\n                <div class=\"u-background-video u-expanded\" style=\"\">\n                  <div class=\"embed-responsive embed-responsive-2\">\n                    <iframe style=\"position: absolute;top: 0;left: 0;width: 100%;height: 100%;\" class=\"embed-responsive-item lazyload\" frameborder=\"0\" allowfullscreen=\"\" data-src=\"https:\/\/www.youtube-nocookie.com\/embed\/dRThYAbjz_8?playlist=dRThYAbjz_8&amp;loop=1&amp;mute=1&amp;showinfo=0&amp;controls=0&amp;start=0&amp;autoplay=1\"><\/iframe>\n                  <\/div>\n                <\/div>\n              <\/div>\n              <div class=\"u-over-slide u-shading u-over-slide-2\">\n                <h3 class=\"u-gallery-heading\"><\/h3>\n                <p class=\"u-gallery-text\"><\/p>\n              <\/div>\n            <\/div>\n            <div class=\"u-effect-fade u-gallery-item u-gallery-item-3\">\n              <div class=\"u-back-slide u-video u-video-contain\" data-image-width=\"1620\" data-image-height=\"1080\">\n                <div class=\"u-background-video u-expanded\" style=\"\">\n                  <div class=\"embed-responsive embed-responsive-3\">\n                    <iframe style=\"position: absolute;top: 0;left: 0;width: 100%;height: 100%;\" class=\"embed-responsive-item lazyload\" frameborder=\"0\" allowfullscreen=\"\" data-src=\"https:\/\/www.youtube-nocookie.com\/embed\/Sb-Qn7W1YVU?playlist=Sb-Qn7W1YVU&amp;loop=1&amp;mute=1&amp;showinfo=0&amp;controls=0&amp;start=0&amp;autoplay=1\"><\/iframe>\n                  <\/div>\n                <\/div>\n              <\/div>\n              <div class=\"u-over-slide u-shading u-over-slide-3\">\n                <h3 class=\"u-gallery-heading\"><\/h3>\n                <p class=\"u-gallery-text\"><\/p>\n              <\/div>\n            <\/div>\n            <div class=\"u-effect-fade u-gallery-item u-gallery-item-4\">\n              <div class=\"u-back-slide u-video\" data-image-width=\"720\" data-image-height=\"1080\">\n                <div class=\"u-background-video u-expanded\" style=\"\">\n                  <div class=\"embed-responsive embed-responsive-4\">\n                    <iframe style=\"position: absolute;top: 0;left: 0;width: 100%;height: 100%;\" class=\"embed-responsive-item lazyload\" frameborder=\"0\" allowfullscreen=\"\" data-src=\"https:\/\/www.youtube-nocookie.com\/embed\/EEPyfrg0izc?playlist=EEPyfrg0izc&amp;loop=1&amp;mute=1&amp;showinfo=0&amp;controls=0&amp;start=0&amp;autoplay=1\"><\/iframe>\n                  <\/div>\n                <\/div>\n              <\/div>\n              <div class=\"u-over-slide u-shading u-over-slide-4\">\n                <h3 class=\"u-gallery-heading\"><\/h3>\n                <p class=\"u-gallery-text\"><\/p>\n              <\/div>\n            <\/div>\n            <div class=\"u-effect-fade u-gallery-item u-gallery-item-5\">\n              <div class=\"u-back-slide u-video u-video-contain\" data-image-width=\"720\" data-image-height=\"1080\">\n                <div class=\"u-background-video u-expanded\" style=\"\">\n                  <div class=\"embed-responsive embed-responsive-5\">\n                    <iframe style=\"position: absolute;top: 0;left: 0;width: 100%;height: 100%;\" class=\"embed-responsive-item lazyload\" frameborder=\"0\" allowfullscreen=\"\" data-src=\"https:\/\/www.youtube-nocookie.com\/embed\/bA0bmFQeQi0?playlist=bA0bmFQeQi0&amp;loop=1&amp;mute=1&amp;showinfo=0&amp;controls=0&amp;start=0&amp;autoplay=1\"><\/iframe>\n                  <\/div>\n                <\/div>\n              <\/div>\n              <div class=\"u-over-slide u-shading u-over-slide-5\">\n                <h3 class=\"u-gallery-heading\"><\/h3>\n                <p class=\"u-gallery-text\"><\/p>\n              <\/div>\n            <\/div>\n            <div class=\"u-effect-fade u-gallery-item u-gallery-item-6\">\n              <div class=\"u-back-slide u-video u-video-contain\" data-image-width=\"720\" data-image-height=\"1080\">\n                <div class=\"u-background-video u-expanded\" style=\"\">\n                  <div class=\"embed-responsive embed-responsive-6\">\n                    <iframe style=\"position: absolute;top: 0;left: 0;width: 100%;height: 100%;\" class=\"embed-responsive-item lazyload\" frameborder=\"0\" allowfullscreen=\"\" data-src=\"https:\/\/www.youtube-nocookie.com\/embed\/DiYKwaTMXr4?playlist=DiYKwaTMXr4&amp;loop=1&amp;mute=1&amp;showinfo=0&amp;controls=0&amp;start=0&amp;autoplay=1\"><\/iframe>\n                  <\/div>\n                <\/div>\n              <\/div>\n              <div class=\"u-over-slide u-shading u-over-slide-6\">\n                <h3 class=\"u-gallery-heading\"><\/h3>\n                <p class=\"u-gallery-text\"><\/p>\n              <\/div>\n            <\/div>\n            <div class=\"u-effect-fade u-gallery-item u-gallery-item-7\">\n              <div class=\"u-back-slide u-video u-video-contain\" data-image-width=\"1600\" data-image-height=\"1067\">\n                <div class=\"u-background-video u-expanded\" style=\"\">\n                  <div class=\"embed-responsive embed-responsive-7\">\n                    <iframe style=\"position: absolute;top: 0;left: 0;width: 100%;height: 100%;\" class=\"embed-responsive-item lazyload\" frameborder=\"0\" allowfullscreen=\"\" data-src=\"https:\/\/www.youtube-nocookie.com\/embed\/vleKf3ehHXc?playlist=vleKf3ehHXc&amp;loop=1&amp;mute=1&amp;showinfo=0&amp;controls=0&amp;start=0&amp;autoplay=1\"><\/iframe>\n                  <\/div>\n                <\/div>\n              <\/div>\n              <div class=\"u-over-slide u-shading u-over-slide-7\">\n                <h3 class=\"u-gallery-heading\"><\/h3>\n                <p class=\"u-gallery-text\"><\/p>\n              <\/div>\n            <\/div>\n            <div class=\"u-effect-fade u-gallery-item u-gallery-item-8\">\n              <div class=\"u-back-slide u-video\" data-image-width=\"211\" data-image-height=\"182\">\n                <div class=\"u-background-video u-expanded\" style=\"\">\n                  <div class=\"embed-responsive embed-responsive-8\">\n                    <iframe style=\"position: absolute;top: 0;left: 0;width: 100%;height: 100%;\" class=\"embed-responsive-item lazyload\" frameborder=\"0\" allowfullscreen=\"\" data-src=\"https:\/\/www.youtube-nocookie.com\/embed\/MgeLhDG9dHg?playlist=MgeLhDG9dHg&amp;loop=1&amp;mute=1&amp;showinfo=0&amp;controls=0&amp;start=0&amp;autoplay=1\"><\/iframe>\n                  <\/div>\n                <\/div>\n              <\/div>\n              <div class=\"u-over-slide u-shading u-over-slide-8\">\n                <h3 class=\"u-gallery-heading\"><\/h3>\n                <p class=\"u-gallery-text\"><\/p>\n              <\/div>\n            <\/div>\n            <div class=\"u-effect-fade u-gallery-item u-gallery-item-9\">\n              <div class=\"u-back-slide u-video u-video-contain\" data-image-width=\"211\" data-image-height=\"182\">\n                <div class=\"u-background-video u-expanded\" style=\"\">\n                  <div class=\"embed-responsive embed-responsive-9\">\n                    <iframe style=\"position: absolute;top: 0;left: 0;width: 100%;height: 100%;\" class=\"embed-responsive-item lazyload\" frameborder=\"0\" allowfullscreen=\"\" data-src=\"https:\/\/www.youtube-nocookie.com\/embed\/Dg8tyZi5gNs?playlist=Dg8tyZi5gNs&amp;loop=1&amp;mute=1&amp;showinfo=0&amp;controls=0&amp;start=0&amp;autoplay=1\"><\/iframe>\n                  <\/div>\n                <\/div>\n              <\/div>\n              <div class=\"u-over-slide u-shading u-over-slide-9\">\n                <h3 class=\"u-gallery-heading\"><\/h3>\n                <p class=\"u-gallery-text\"><\/p>\n              <\/div>\n            <\/div>\n            <div class=\"u-effect-fade u-gallery-item u-gallery-item-10\">\n              <div class=\"u-back-slide u-video u-video-contain\" data-image-width=\"211\" data-image-height=\"182\">\n                <div class=\"u-background-video u-expanded\" style=\"\">\n                  <div class=\"embed-responsive embed-responsive-10\">\n                    <iframe style=\"position: absolute;top: 0;left: 0;width: 100%;height: 100%;\" class=\"embed-responsive-item lazyload\" frameborder=\"0\" allowfullscreen=\"\" data-src=\"https:\/\/www.youtube-nocookie.com\/embed\/hTkQ0h5lAXQ?playlist=hTkQ0h5lAXQ&amp;loop=1&amp;mute=1&amp;showinfo=0&amp;controls=0&amp;start=0&amp;autoplay=1\"><\/iframe>\n                  <\/div>\n                <\/div>\n              <\/div>\n              <div class=\"u-over-slide u-shading u-over-slide-10\">\n                <h3 class=\"u-gallery-heading\"><\/h3>\n                <p class=\"u-gallery-text\"><\/p>\n              <\/div>\n            <\/div>\n            <div class=\"u-effect-fade u-gallery-item u-gallery-item-11\">\n              <div class=\"u-back-slide\" data-image-width=\"211\" data-image-height=\"182\">\n                <img class=\"u-back-image u-expanded lazyload\" data-src=\"https:\/\/sherpaladowarki.pl\/wp-content\/uploads\/2021\/09\/biale7.jpg\">\n              <\/div>\n              <div class=\"u-over-slide u-shading u-over-slide-11\">\n                <h3 class=\"u-gallery-heading\"><\/h3>\n                <p class=\"u-gallery-text\"><\/p>\n              <\/div>\n            <\/div>\n            <div class=\"u-effect-fade u-gallery-item u-gallery-item-12\">\n              <div class=\"u-back-slide\" data-image-width=\"211\" data-image-height=\"182\">\n                <img class=\"u-back-image u-expanded lazyload\" data-src=\"https:\/\/sherpaladowarki.pl\/wp-content\/uploads\/2021\/09\/biale7.jpg\">\n              <\/div>\n              <div class=\"u-over-slide u-shading u-over-slide-12\">\n                <h3 class=\"u-gallery-heading\"><\/h3>\n                <p class=\"u-gallery-text\"><\/p>\n              <\/div>\n            <\/div>\n          <\/div>\n        <\/div>\n      <\/div>\n    <\/section>\n    <section class=\"u-clearfix u-section-6\" id=\"carousel_0c88\">\n      <div class=\"u-clearfix u-sheet u-sheet-1\">\n        <h3 class=\"u-align-center u-text u-text-default u-text-1\">Photo<\/h3>\n        <div class=\"u-expanded-width u-gallery u-layout-grid u-lightbox u-no-transition u-show-text-on-hover u-gallery-1\">\n          <div class=\"u-gallery-inner u-gallery-inner-1\">\n            <div class=\"u-effect-fade u-gallery-item\">\n              <div class=\"u-back-slide\" data-image-width=\"707\" data-image-height=\"1080\">\n                <img class=\"u-back-image u-expanded lazyload\" data-src=\"https:\/\/sherpaladowarki.pl\/wp-content\/uploads\/2021\/09\/demolition_gal1.jpg\">\n              <\/div>\n              <div class=\"u-over-slide u-shading u-over-slide-1\">\n                <h3 class=\"u-gallery-heading\"><\/h3>\n                <p class=\"u-gallery-text\"><\/p>\n              <\/div>\n            <\/div>\n            <div class=\"u-effect-fade u-gallery-item\">\n              <div class=\"u-back-slide\" data-image-width=\"1620\" data-image-height=\"1080\">\n                <img class=\"u-back-image u-expanded lazyload\" data-src=\"https:\/\/sherpaladowarki.pl\/wp-content\/uploads\/2021\/09\/demolition_gal2.jpg\">\n              <\/div>\n              <div class=\"u-over-slide u-shading u-over-slide-2\">\n                <h3 class=\"u-gallery-heading\"><\/h3>\n                <p class=\"u-gallery-text\"><\/p>\n              <\/div>\n            <\/div>\n            <div class=\"u-effect-fade u-gallery-item\">\n              <div class=\"u-back-slide\" data-image-width=\"720\" data-image-height=\"1080\">\n                <img class=\"u-back-image u-expanded lazyload\" data-src=\"https:\/\/sherpaladowarki.pl\/wp-content\/uploads\/2021\/09\/demolition_gal3.jpg\">\n              <\/div>\n              <div class=\"u-over-slide u-shading u-over-slide-3\">\n                <h3 class=\"u-gallery-heading\"><\/h3>\n                <p class=\"u-gallery-text\"><\/p>\n              <\/div>\n            <\/div>\n            <div class=\"u-effect-fade u-gallery-item\">\n              <div class=\"u-back-slide\" data-image-width=\"960\" data-image-height=\"540\">\n                <img class=\"u-back-image u-expanded lazyload\" data-src=\"https:\/\/sherpaladowarki.pl\/wp-content\/uploads\/2021\/09\/demolition_gal4.jpg\">\n              <\/div>\n              <div class=\"u-over-slide u-shading u-over-slide-4\">\n                <h3 class=\"u-gallery-heading\"><\/h3>\n                <p class=\"u-gallery-text\"><\/p>\n              <\/div>\n            <\/div>\n            <div class=\"u-effect-fade u-gallery-item\">\n              <div class=\"u-back-slide\" data-image-width=\"1440\" data-image-height=\"1080\">\n                <img class=\"u-back-image u-expanded lazyload\" data-src=\"https:\/\/sherpaladowarki.pl\/wp-content\/uploads\/2021\/09\/demolition_gal5.jpg\">\n              <\/div>\n              <div class=\"u-over-slide u-shading u-over-slide-5\">\n                <h3 class=\"u-gallery-heading\"><\/h3>\n                <p class=\"u-gallery-text\"><\/p>\n              <\/div>\n            <\/div>\n            <div class=\"u-effect-fade u-gallery-item\">\n              <div class=\"u-back-slide\" data-image-width=\"1440\" data-image-height=\"1080\">\n                <img class=\"u-back-image u-expanded lazyload\" data-src=\"https:\/\/sherpaladowarki.pl\/wp-content\/uploads\/2021\/09\/demolition_gal6.jpg\">\n              <\/div>\n              <div class=\"u-over-slide u-shading u-over-slide-6\">\n                <h3 class=\"u-gallery-heading\"><\/h3>\n                <p class=\"u-gallery-text\"><\/p>\n              <\/div>\n            <\/div>\n            <div class=\"u-effect-fade u-gallery-item\">\n              <div class=\"u-back-slide\" data-image-width=\"810\" data-image-height=\"1080\">\n                <img class=\"u-back-image u-expanded lazyload\" data-src=\"https:\/\/sherpaladowarki.pl\/wp-content\/uploads\/2021\/09\/demolition_gal7.jpg\">\n              <\/div>\n              <div class=\"u-over-slide u-shading u-over-slide-7\">\n                <h3 class=\"u-gallery-heading\"><\/h3>\n                <p class=\"u-gallery-text\"><\/p>\n              <\/div>\n            <\/div>\n            <div class=\"u-effect-fade u-gallery-item\">\n              <div class=\"u-back-slide\" data-image-width=\"960\" data-image-height=\"540\">\n                <img class=\"u-back-image u-expanded lazyload\" data-src=\"https:\/\/sherpaladowarki.pl\/wp-content\/uploads\/2021\/09\/demolition_gal8.jpg\">\n              <\/div>\n              <div class=\"u-over-slide u-shading u-over-slide-8\">\n                <h3 class=\"u-gallery-heading\"><\/h3>\n                <p class=\"u-gallery-text\"><\/p>\n              <\/div>\n            <\/div>\n          <\/div>\n        <\/div>\n      <\/div>\n    <\/section>\n    \n    \n  \n","protected":false},"excerpt":{"rendered":"<p>Rozbi\u00f3rki Prace rozbi\u00f3rkowe to m\u0119cz\u0105ce i pracoch\u0142onne zadanie! Narz\u0119dzia, kt\u00f3re u\u0142atwiaj\u0105 te czynno\u015bci s\u0105 mile widziane w tym biznesie. Hanenberg Equipment posiada szerok\u0105 gam\u0119 produkt\u00f3w, kt\u00f3re mog\u0105 pom\u00f3c firmom wyburzeniowym. Nasze mini\u0142adowarki mo\u017cna wyposa\u017cy\u0107 w specialistyczne narz\u0119dza. Te narz\u0119dzia z pewno\u015bci\u0105 u\u0142atwi\u0105 ci prac\u0119. Przyk\u0142adami s\u0105 m\u0142oty wyburzeniowe, wiertarki i lasery. Ponadto nasza mini-\u0142adowarka SHERPA &hellip; <a href=\"https:\/\/sherpaladowarki.pl\/index.php\/rozbiorki\/\" class=\"more-link\">Continue reading<span class=\"screen-reader-text\"> &#8222;Rozbiorki&#8221;<\/span><\/a><\/p>\n","protected":false},"author":1,"featured_media":0,"parent":0,"menu_order":12,"comment_status":"closed","ping_status":"closed","template":"","meta":{"footnotes":""},"class_list":["post-446","page","type-page","status-publish","hentry"],"_links":{"self":[{"href":"https:\/\/sherpaladowarki.pl\/index.php\/wp-json\/wp\/v2\/pages\/446","targetHints":{"allow":["GET"]}}],"collection":[{"href":"https:\/\/sherpaladowarki.pl\/index.php\/wp-json\/wp\/v2\/pages"}],"about":[{"href":"https:\/\/sherpaladowarki.pl\/index.php\/wp-json\/wp\/v2\/types\/page"}],"author":[{"embeddable":true,"href":"https:\/\/sherpaladowarki.pl\/index.php\/wp-json\/wp\/v2\/users\/1"}],"replies":[{"embeddable":true,"href":"https:\/\/sherpaladowarki.pl\/index.php\/wp-json\/wp\/v2\/comments?post=446"}],"version-history":[{"count":2,"href":"https:\/\/sherpaladowarki.pl\/index.php\/wp-json\/wp\/v2\/pages\/446\/revisions"}],"predecessor-version":[{"id":621,"href":"https:\/\/sherpaladowarki.pl\/index.php\/wp-json\/wp\/v2\/pages\/446\/revisions\/621"}],"wp:attachment":[{"href":"https:\/\/sherpaladowarki.pl\/index.php\/wp-json\/wp\/v2\/media?parent=446"}],"curies":[{"name":"wp","href":"https:\/\/api.w.org\/{rel}","templated":true}]}}